r + 0)*12?
4
Let q(p) = -p**3 - 5*p**2 + 5*p + 4. Let o be q(-6). What is the units digit of 3*(o/3 + 0)?
0
Suppose -3*n + 5*i = -2*n - 186, -174 = -n + i. What is the hundreds digit of n?
1
Suppose 0 = d + 4*j - 9*j + 6, -j = 4*d - 39. Suppose 0 = -l - 2 + d. What is the units digit of l?
7
Suppose 12 = -5*c + c. Let b be c/(-12)*6*2. Suppose 2*r = r + 4*f, 0 = -3*r + b*f + 18. What is the units digit of r?
8
Suppose 2*b = 2, 2*b + 11 = -5*q + 3*b. Let t be (4/12)/(q/(-12)). Suppose -4*j = 4*c - 4, j = 5*c - t*j - 29. What is the units digit of c?
4
Suppose 3*p - 11 = -g, p = -p + 2*g - 6. Suppose -3*d + 10 = p*d. Suppose 3 = -d*y + 3*y. What is the units digit of y?
3
Let o(t) = -4 - 5*t**2 + 4*t**2 + 5 + 3*t. What is the units digit of o(3)?
1
Let c be (-5)/(-2)*(-8)/(-5). Suppose -z = c*w - 13, -2*w + 10 = 5*z - z. Let n = z - -10. What is the tens digit of n?
1
Suppose 0 = a + 4*z - 46, -3*a + a = 3*z - 97. What is the units digit of a?
0
Suppose 0 = 2*h - 3*m + 6*m - 7, 2*h - 4*m = 0. What is the units digit of h?
2
Let l(x) = -x**2 + 4*x. Let g be l(6). Suppose 0 = 3*s - 29 - 37. Let v = s + g. What is the units digit of v?
0
Let a = -7 - -9. Suppose 0 = -x - a*x - 15. Let d = 1 - x. What is the units digit of d?
6
Let c(r) = 3*r**2 + 2*r + 1. Let n be c(-2). Let x = n + -6. Let q(h) = 7*h - 4. What is the units digit of q(x)?
7
Let v = 6 - -4. Suppose -v = -a - 1. What is the units digit of a?
9
Let f = 29 - 8. What is the units digit of f?
1
Suppose 184 = 2*a - 10. What is the tens digit of a?
9
Let n be 27/5 - 2/5. Let k(y) = y**3 - 6*y**2 - 6*y + 5. Let z be k(7). Suppose s - n*s + z = 0. What is the units digit of s?
3
Let b(z) = 2*z**2 - 4. Let n be b(-3). What is the tens digit of 16/56 - (-402)/n?
2
What is the units digit of (-15)/60 - 25/(-4)?
6
Suppose -5*w + 254 = 3*m + 66, -2*m = 5*w - 192. What is the tens digit of w?
4
Suppose 0*z - z - 1 = -2*h, 5 = 5*z - 5*h. Suppose 2*i = z*i - 8. What is the units digit of i?
8
Let w(m) = 5*m**2 - 6*m + 5. Let g be w(3). Let f = 45 - g. What is the units digit of f?
3
Suppose -4*g - 11 = -5*g. Suppose w = 5*q - 11, -g - 5 = -4*w. What is the units digit of q?
3
Let w(i) be the second derivative of i**5/120 + 5*i**4/12 - i**3/6 + i. Let h(m) be the second derivative of w(m). What is the units digit of h(-5)?
5
Suppose 41 = 5*d + 6. What is the units digit of d?
7
Let b be ((2 - -6) + 1)*-1. Let x be 16/3*b/6. What is the units digit of -10*2/x*2?
5
What is the tens digit of (-3 - (0 + 5))*-2?
1
Let d(c) = -3*c + 1. Let k be d(-7). Suppose 4*r - 2*p = 68, -4*r + 2*r + k = 5*p. What is the tens digit of r?
1
Suppose -2*k + 4 = -0*k. Let w be 1 - (-1)/k*0. Suppose -2*q + 5 = -w, -b + 4*q = 7. What is the units digit of b?
5
Let d(q) = 3*q + 1. Let m be d(1). What is the units digit of (m/(-3))/(4/(-30))?
0
Let h(v) = -v**2 + 3*v + 1. Let o be h(6). Let y be o + -1*2/2. What is the tens digit of 4/y - 1557/(-81)?
1
What is the tens digit of ((-213)/6 - -2)/(11/(-22))?
6
Suppose 0*d + 4*d = 8. Suppose -11 = g - 3*f - 4, -42 = -4*g - d*f. What is the units digit of g?
8
Suppose 6*w - 288 = 2*w. What is the tens digit of w?
7
Let d = 7 + -2. Let g = d + 1. What is the units digit of g?
6
Let w(z) be the first derivative of -2 + 1/3*z**3 - 5*z + 3*z**2. What is the units digit of w(-7)?
2
Let v = -12 - -37. What is the tens digit of v?
2
Let s = -15 + 12. What is the tens digit of s - ((-12)/3 - 42)?
4
Let k be 4/10*(-9 + -1). Let n = -10 - k. Let s = 11 + n. What is the units digit of s?
5
Suppose 22 + 17 = 3*x. Suppose -3 - x = 4*q + 4*r, 4*q + 11 = -3*r. What is the units digit of q?
1
Suppose -4*r - 2*a + 16 = a, -5*a = -4*r - 16. What is the units digit of 1/(r - 36/39)?
3
Let j = 364 - 220. What is the tens digit of j?
4
Let s(f) be the second derivative of -f**3/3 + 3*f**2/2 - 2*f. What is the tens digit of s(-4)?
1
Suppose -j - 24 = -3*o + 4*o, 4*o + 2*j + 102 = 0. Let u = -21 - o. What is the units digit of u?
6
Suppose 0 = 4*k - 9 - 3. Suppose 19 = k*a + 64. Let h = a + 25. What is the tens digit of h?
1
Suppose 12 = 5*v - v. Suppose a - 2*n = -3 - 1, 5*n - 7 = v*a. What is the units digit of a?
6
Let d(b) = b**2 - 7*b + 3. Suppose -3*c - l + 18 = 0, -8 = -0*c - 2*c - 2*l. What is the units digit of d(c)?
3
Suppose -1 = -3*f + 5. Let q be (3/6)/(1/4). Suppose n = q + f. What is the units digit of n?
4
Suppose -5*l + 4 = -l. What is the units digit of (6 - l)*10/25?
2
Suppose -3*r - 7 = -1, x = -r + 35. What is the units digit of x?
7
Let u = 26 + -18. Suppose 5*d - u = 2. Suppose -3*g + 4*i - 17 = 0, 2*g = -d*g + 5*i - 21. What is the units digit of g?
1
Let y(t) = -2*t + 0*t**2 + 1 - 3*t**2 + t**2. Let p be y(1). Let g(z) = -z**2 - 3*z + 2. What is the units digit of g(p)?
2
Suppose 0 = 2*w + 3*m - 36 - 5, -9 = 3*m. What is the tens digit of w?
2
Let c = 302 - 28. What is the tens digit of c?
7
Let n = 91 - 59. What is the units digit of n?
2
Let z(o) = 2*o**3 + 18*o**2 - 14*o - 20. What is the hundreds digit of z(-8)?
2
Suppose 5*u - 3*b - 7 = -0*u, 2*u - 3 = b. Suppose -3*w + u*n + 1 = -0*w, -4*w = -n - 3. What is the units digit of (w*18)/(-1 + 3)?
9
Let l be (-1 - -1) + 2 + 2. Suppose -n - l*n + 10 = 0. What is the units digit of (-4 - (3 - n))*-1?
5
Suppose 12 = x + 5*u, 0 = -x + 4*u + 18 - 6. Let t(z) = z + 1. Let h be t(3). Suppose -4*f + 12 = -h, 4*f = 4*q + x. What is the units digit of q?
1
Suppose 22 + 19 = 5*b - l, 5*b = -5*l + 35. Suppose p - 5*p - 4 = 4*n, b = 4*n + p. What is the units digit of n?
3
Suppose 5*m + 13 = 2*k, 0*k - 2*m + 2 = k. Suppose -3*h - 2*h = -3*u + 50, 5*u - k*h = 92. Suppose -12 = -4*j, -10 = -3*r + j + u. What is the units digit of r?
1
What is the units digit of (-177)/(-4) + (-1)/4?
4
Let c(y) = y**2 - 3*y + 6. Let u be c(5). Suppose l + l = u. What is the units digit of l?
8
Suppose -4*o - x = -3, -2*o + 2*x + 12 = 6*x. Suppose m - 135 = -3*a, -7*a + 2*a - 3*m + 221 = o. What is the tens digit of a?
4
Suppose -4*w = -n - 460 - 131, -742 = -5*w - 2*n. What is the units digit of w?
8
Suppose -71 = 2*d - 4*d + 3*g, -4*d + 154 = -2*g. What is the tens digit of d?
4
Let r(z) = z**2 + z - 2. Let t be r(2). Suppose -t*v + 3*a = -5, 0*a = -5*v + a - 2. What is the units digit of 10 + -2*v/(-1)?
8
Let w be (-4)/(12/9) - -3. Suppose n - 4 - 6 = w. What is the tens digit of n?
1
Let q be -2*(3 - 33/6). Let n = q + -1. What is the units digit of (-2)/n*8/(-4)?
1
Suppose 4*m - 5*j = -2*j + 991, m = -5*j + 219. What is the hundreds digit of m?
2
Let y = -27 - -69. What is the tens digit of y?
4
Let q(z) = -z**2 + 3*z - 2. Let p be q(3). What is the units digit of (-612)/27*3/p?
4
Let x be (-1)/2*(-10 + -2). Let o(h) = 4*h - 4 - 5*h + 3*h. What is the units digit of o(x)?
8
Let y(c) = -c**3 - 26*c**2 - 10*c + 39. What is the tens digit of y(-26)?
9
Let v be (130/15)/(1/(-3)). Let w = v - -38. What is the units digit of w?
2
Suppose -5*c + 118 = 2*d, -2*c - 2*d + 0*d + 52 = 0. What is the units digit of c?
2
Let o(s) = -2*s + 7. Let j be o(-5). Suppose 0 = 5*n - 37 + j. What is the units digit of n?
4
Let g(f) = -f**3 + f**2 + f + 17. What is the tens digit of g(0)?
1
Let w = 18 - 13. Suppose -52 = -3*u + w*b, b + 41 = 5*u - u. What is the units digit of u?
9
Let t be (-9)/27*12/(-2). Let y = -7 - -11. Suppose 15 = 5*u + t*l - 14, 2*u - 18 = -y*l. What is the units digit of u?
5
Let r(a) = 3*a**3 - 2*a**2 + a - 2. Let j be -3 - -4 - (1 + -2). What is the units digit of r(j)?
6
Suppose 0 = -u + 379 - 151. What is the hundreds digit of u?
2
Let q(z) = z**2 - 4*z + 4. Let t be q(3). What is the units digit of t/(2/60) + 2?
2
Let y = 0 + 9. Let d(u) = u + 2. What is the units digit of d(y)?
1
Suppose z - 8 + 124 = 5*f, -93 = -4*f + z. What is the units digit of f?
3
Suppose -5*s + 45 = -3*a + 5, 0 = -s + 5. Let y = a - -5. Let i = y + 2. What is the units digit of i?
2
Suppose 2*i = -3*j + 3 + 13, i - 8 = 5*j. Let r = -5 + i. Suppose 1 + r = 2*b. What is the units digit of b?
2
Suppose -5*q = -10*q - d + 278, 3*q = 3*d + 156. What is the units digit of q?
5
Let z = 32 + 17. Let g = z + -33. What is the tens digit of g?
1
Let c = -4 + 3. Let b(t) = -2*t. What is the units digit of b(c)?
2
Let y(g) = 5*g**3 + 4*g**2 - 7*g - 4. What is the units digit of y(3)?